).
-15
Let h(i) = -i - 7. What is h(0)?
-7
Let l(d) = 4*d + 14. What is l(-5)?
-6
Let a(f) = 4*f - 178. What is a(45)?
2
Let r(k) = k**3 - 78*k**2 - 78*k - 88. Give r(79).
-9
Let q(f) = f**3 + 8*f**2 + 3*f - 4. Give q(-4).
48
Let z(f) = f**3 + 6*f**2 + 2*f + 5. Give z(-6).
-7
Let n(k) = -94*k**2 - 1. Determine n(-1).
-95
Let g(s) = s + 36. Give g(-20).
16
Let s(j) = -52*j - 306. Determine s(-6).
6
Let d(o) = o**3 + 11*o**2 + o - 2. Determine d(-11).
-13
Let c(a) = -6*a**3 - 4*a**2 + a + 3. Determine c(1).
-6
Let m(w) = 2*w - 8. Determine m(8).
8
Let l(j) = -j**3 + 13*j**2 - 31*j + 4. Determine l(10).
-6
Let m(h) = -h + 1. Determine m(-6).
7
Let s(l) = -l**3 - 6*l**2 - 6*l + 4. Give s(-6).
40
Let c(t) = t - 2. What is c(-1)?
-3
Let j(t) = 3*t**2 - 4*t - 8. What is j(4)?
24
Let h(z) = z**2 - 6*z + 23. Give h(4).
15
Let l(o) = o**2 + 3*o + 6. What is l(-3)?
6
Let n(u) = 20*u - 252. What is n(13)?
8
Let w(l) = 2*l**2 - 29*l + 11. What is w(14)?
-3
Let y(j) = -3*j + 2. Calculate y(3).
-7
Let x(k) = 3*k**2 + 2*k - 1. Give x(-2).
7
Let l(s) = -2*s**2 + 6*s + 18. Give l(-3).
-18
Let d(p) = -p**3 + 2*p**2 - 6*p + 4. Calculate d(2).
-8
Let p(u) = 3*u**2 - 5*u - 2. Determine p(-3).
40
Let k(t) = -2*t**2 - 71*t - 101. Determine k(-34).
1
Let b(w) = -21*w**2 + w. Calculate b(1).
-20
Let a(w) = -w**3 - 2*w**2 - 2*w - 1. Calculate a(-1).
0
Let b(m) = -6*m - 6. Calculate b(15).
-96
Let y(w) = -w**3 - 15*w**2 + 55*w + 17. Give y(-18).
-1
Let t(f) = -f**3 + 10*f**2 - 11*f + 8. Determine t(9).
-10
Let l(k) = -3*k + 34. Determine l(12).
-2
Let i(c) = -2*c - 2. Determine i(-6).
10
Let s(d) = -d**2 + 10*d - 22. What is s(5)?
3
Let n(o) = -3*o + 21. What is n(5)?
6
Let v(g) = -g - 12. Calculate v(-7).
-5
Let y(r) = r**3 + 8*r**2 - 9*r + 22. What is y(-9)?
22
Let c(p) = -p**3 - 7*p**2 + p + 6. Give c(-7).
-1
Let k(l) = -l**3 + 10*l**2 - 14*l - 6. Determine k(8).
10
Let y(m) = -2*m**2 - m. Determine y(-1).
-1
Let w(m) = m**3 - 8*m**2 - 3*m - 55. Determine w(9).
-1
Let c(p) = 7*p**2 - 18*p - 17. Give c(-1).
8
Let r(s) = s**3 - s**2 + 2. Calculate r(0).
2
Let j(l) = 3*l**3 - 2*l**2 + l + 1. Give j(2).
19
Let k(v) = -4*v - 40. What is k(-13)?
12
Let j(d) = 2*d**3 + 18*d**2 - 18*d + 21. What is j(-10)?
1
Let h(y) = -y**3 - 2*y**2 - 1. Give h(2).
-17
Let t(s) = s**2 + 10*s - 153. Give t(-18).
-9
Let r(t) = t**3 + 9*t**2 - 8*t + 24. Give r(-10).
4
Let n(t) = 6*t**3 - 4*t**2 + 3*t - 2. Determine n(2).
36
Let y(t) = t**3 + 9*t**2 + 6*t + 7. Calculate y(-9).
-47
Let z(y) = 13*y**3 - 3*y**2 + 3*y - 1. Determine z(1).
12
Let f(j) = -71*j - 851. What is f(-12)?
1
Let u(v) = 30*v - 108. What is u(4)?
12
Let n(k) = -4*k + 15. Calculate n(5).
-5
Let t(y) = y**3 + 9*y**2 + 9*y - 2. Determine t(-7).
33
Let q(w) = -w**3 - 7*w**2 + 5*w - 4. What is q(-7)?
-39
Let j(q) = 6*q - 8. Give j(3).
10
Let r(c) = -8*c - 15. What is r(-4)?
17
Let w(p) = p**3 - 9*p**2 + 12*p - 2. Give w(5).
-42
Let h(z) = z**2 - 18*z + 24. What is h(17)?
7
Let s(k) = 2*k - 35. Calculate s(16).
-3
Let w(x) = x**2 - 46*x + 196. Give w(41).
-9
Let j(w) = w + 11. Give j(-8).
3
Let j(i) = -i**2 + 8*i - 17. Determine j(3).
-2
Let h(g) = -g**2 - 20*g + 574. Calculate h(-36).
-2
Let y(t) = 2*t**2 + 15*t - 9. Calculate y(-7).
-16
Let t(k) = k**3 + 4*k**2 + 2*k - 4. What is t(-3)?
-1
Let c(u) = u**2 - 4*u + 10. Determine c(4).
10
Let g(a) = -a**2 - 15*a - 13. Calculate g(-14).
1
Let t(l) = l**2 - 3*l + 2. Calculate t(7).
30
Let l(v) = v - 6. What is l(3)?
-3
Let c(u) = 2*u + 3. What is c(3)?
9
Let k(p) = p**2 - 6*p + 5. What is k(3)?
-4
Let p(q) = -q + 6. What is p(-15)?
21
Let i(r) = -103*r**3 - 3*r - 2. Determine i(-1).
104
Let q(r) = -5*r - 1. Determine q(7).
-36
Let h(s) = -s**3 - 11*s**2 + 8*s - 40. Calculate h(-12).
8
Let u(r) = -4*r + 22. Give u(7).
-6
Let v(h) = -h**2 - 4*h + 1. Give v(-3).
4
Let o(g) = -g**3 + g**2 - 8*g - 6. What is o(3)?
-48
Let l(k) = -6*k**2 - 7*k + 14. Calculate l(3).
-61
Let b(s) = -s**3 + 12*s**2 - 11*s - 14. Give b(11).
-14
Let j(o) = 8*o**3 + 4*o**2 - 9*o + 7. What is j(1)?
10
Let l(n) = -n**2 - 2*n - 3. Calculate l(-1).
-2
Let j(a) = -2*a**3 - 18*a**2 + 5*a + 52. What is j(-9)?
7
Let r(x) = -2*x**2 - 25*x - 80. Calculate r(-3).
-23
Let h(g) = -g**3 + 15*g**2 - 27*g + 24. What is h(13)?
11
Let t(z) = -8*z**3 + 47*z**2 + 11*z - 14. Calculate t(6).
16
Let k(p) = -18*p + 3. Determine k(1).
-15
Let c(s) = 11*s**3 + 2*s**2 - s - 1. Calculate c(1).
11
Let a(q) = -3*q**2 + 2*q + 18. Calculate a(-6).
-102
Let o(c) = 4*c - 2. What is o(8)?
30
Let v(b) = -176*b - 1061. What is v(-6)?
-5
Let k(q) = -q**3 - 18*q**2 + q - 20. Determine k(-18).
-38
Let z(c) = c + 11. Calculate z(-5).
6
Let a(t) = -t**2 + 15*t + 11. What is a(11)?
55
Let q(f) = 11*f - 4. Give q(-3).
-37
Let h(k) = 10*k + 44. What is h(-4)?
4
Let x(i) = -i**3 + 9*i**2 - 15*i + 45. Calculate x(7).
38
Let m(p) = -24*p + 3. Determine m(3).
-69
Let n(s) = 2*s - 1. What is n(-4)?
-9
Let p(w) = -w**2 - 3*w + 4. Determine p(2).
-6
Let v(n) = n**3 + 4*n**2 - 7*n + 10. What is v(-6)?
-20
Let w(z) = -2*z + 27. Calculate w(13).
1
Let q(n) = -n**2 - 2*n + 6. Calculate q(-3).
3
Let a(d) = 6*d - 7. Give a(15).
83
Let c(n) = n**3 + 4*n**2 - 24*n + 3. Calculate c(-7).
24
Let t(v) = -17*v - 134. Determine t(-8).
2
Let f(w) = -3*w + 32. Calculate f(11).
-1
Let w(i) = -i**2 - 11*i - 16. Give w(-9).
2
Let j(a) = -a**3 - 5*a**2 + 4*a + 39. What is j(-4)?
7
Let l(v) = v**3 + 8*v**2 + 7*v - 7. Determine l(-7).
-7
Let f(x) = x**3 + 5*x**2 - 5. Calculate f(-6).
-41
Let d(h) = h + 14. Calculate d(-13).
1
Let a(l) = -11*l + 4. What is a(-2)?
26
Let k(o) = -2*o**2 + 12*o + 30. What is k(8)?
-2
Let b(u) = -u**2 + 8*u + 5. Give b(8).
5
Let f(a) = 5*a - 204. What is f(44)?
16
Let g(w) = -w**2 + 12*w - 28. What is g(9)?
-1
Let o(l) = -l**2 - 9*l - 10. Calculate o(-10).
-20
Let a(z) = -25*z - 522. Determine a(-21).
3
Let p(z) = -z**2 - 2*z + 1. What is p(-6)?
-23
Let b(a) = -14*a - 7. Calculate b(1).
-21
Let s(v) = v**2 + 4*v - 10. Give s(5).
35
Let d(w) = -w**2 + 7*w + 2. Give d(7).
2
Let f(i) = -7*i**2 + 2*i + 2. Give f(-2).
-30
Let n(q) = -3*q**2 + 23*q + 49. Give n(-2).
-9
Let z(p) = p**2 - 6*p + 9. Determine z(5).
4
Let h(u) = -2*u**3 - 3*u**2 + 2. Calculate h(-2).
6
Let n(t) = -9*t**3 + 9*t**2 - 22*t + 7. Calculate n(2).
-73
Let g(i) = 2*i**3 - i**2 - 5*i - 1. Give g(-2).
-11
Let u(s) = s**3 - 2*s**2 + s - 1. Give u(2).
1
Let b(o) = -13*o**3 + o**2 - 2*o + 2. Calculate b(1).
-12
Let s(m) = 8*m**3 + 2*m**2 + 3*m + 2. Give s(-1).
-7
Let h(k) = 3*k**2 - 17*k + 7. What is h(6)?
13
Let f(a) = 3*a - 1. Give f(-3).
-10
Let i(p) = 14*p**3 - 2*p**2 - 2*p + 2. Determine i(1).
12
Let j(u) = -u + 13. Calculate j(17).
-4
Let t(d) = d**2 - 5*d + 4. Determine t(3).
-2
Let p(l) = -15*l - 5. Determine p(1).
-20
Let n(z) = -2*z**2 + 27*z + 13. Determine n(14).
-1
Let i(m) = -m**3 - 34*m**2 - 65*m - 37. Determine i(-32).
-5
Let m(x) = 4*x + 12. Calculate m(-1).
8
Let z(j) = -j - 2. Calculate z(6).
-8
Let p(a) = -8*a - 182. Determine p(-17).
-46
Let j(y) = -y**2 - 5*y + 24. What is j(-8)?
0
Let z(f) = 4*f**2 + f - 3. Give z(4).
65
Let m(j) = j**2 - 10*j + 6. Determine m(10).
6
Let h(s) = 2*s**2 - 20*s + 4. Calculate h(10).
4
Let p(q) = 2*q**2 + 10. What is p(-6)?
82
Let j(r) = -31*r - 15. Determine j(-2).
47
Let r(x) = 11*x - 174. Give r(19).
35
Let l(u) = -9*u**2 - 58*u - 19. Determine l(-6).
5
Let j(h) = h**3 - 16*h**2 - 35*h + 10. What is j(18)?
28
Let d(g) = -2*g**2 + 3*g + 12. Calculate d(3).
3
Let f(w) = 2*w**2 + 9*w - 8. Calculate f(-6).
10
Let w(f) = f**3 + 8*f**2 + 2*f - 16. Give w(-7).
19
Let w(i) = -i**3 + 6*i**2 + 14. Give w(7).
-35
Let q(c) = -c**2 - 10*c - 9. Determine q(-8).
7
Let a(y) = -y**3 + 8*y**2 - 4*y - 8. Give a(7).
13
Let i(h) = -h**2 - 12*h + 9. Calculate i(-13).
-4
Let q(a) = 7*a - 2. Determine q(5).
33
Let f(i) = -i**2 - 4*i - 8. Determine f(-4).
-8
Let f(w) = w**2 + 28*w + 158. Calculate f(-8).
-2
Let l(i) = -20*i**3 + 3*i + 2. What is l(-1)?
19
Let c(h) = 6*h - 30. Give c(16).
66
Let k(m) = 12*m - 34. What is k(-5)?
-94
Let x(p) = -5*p - 5. Determine x(-4).
15
Let z(c) = -7*c - 38. Calculate z(-6).
4
Let v(u) = -u**2 - 14*u + 63. Calculate v(-18).
-9
Let t(b) = 23*b + 140. What is t(-6)?
2
Let q(z) = -z**3 + 14*z**2 - 29*z - 42. Calculate q(11).
2
Let 